10 - -110101110010101101100011011?
110101110010101101100010101
In base 10, what is 2015 + 3194?
5209
In base 2, what is 1001000 - -1001010010011001?
1001010011100001
In base 6, what is -2 - 404541023?
-404541025
In base 7, what is -60 - -1361306?
1361216
In base 11, what is -6 + 13229?
13223
In base 11, what is -12a - 3a3a3?
-3a522
In base 16, what is 5 - -c13a1?
c13a6
In base 5, what is -103014303001 + -1?
-103014303002
In base 14, what is addd - 81c?
a5c1
In base 14, what is 10b508 - -17?
10b521
In base 14, what is -a1c9 + -3468?
-d653
In base 4, what is -11300 - -1311113?
1233213
In base 15, what is e5b431 + -4?
e5b42c
In base 10, what is 35400 + 2879?
38279
In base 2, what is 101 - -110110000100011100111100111?
110110000100011100111101100
In base 3, what is -11 + 102021110120212221?
102021110120212210
In base 16, what is 658 + e15e?
e7b6
In base 8, what is -107 - 2205727?
-2206036
In base 2, what is -1100010011111 - -11101111011010?
10001100111011
In base 7, what is -2 + -12464100?
-12464102
In base 4, what is -132002203 - -1221?
-132000322
In base 15, what is 14 + -1d6d42e?
-1d6d41a
In base 16, what is -3c + -aa2377?
-aa23b3
In base 7, what is 6 + 14620642?
14620651
In base 5, what is -1321 + -3112?
-4433
In base 15, what is 8e83ba + 4a?
8e8415
In base 16, what is b0890 - 1?
b088f
In base 13, what is 1b499b - -67?
1b4a35
In base 11, what is -a5358 + -62?
-a540a
In base 7, what is -233 + 16244?
16011
In base 3, what is 120111 - 1001211120?
-1001021002
In base 12, what is 1ab87319 - 2?
1ab87317
In base 9, what is 17 - -827227?
827245
In base 6, what is -10225043 + 3?
-10225040
In base 6, what is 33430252 - 2?
33430250
In base 11, what is a9 + -68443?
-68345
In base 5, what is 21000 - -201323?
222323
In base 14, what is 2481 + 17c6?
3c67
In base 3, what is 11 - 2122220212120021?
-2122220212120010
In base 15, what is 2027 + 17d?
21a5
In base 4, what is 1 - -322000232223?
322000232230
In base 3, what is -10222021 - -1010000001?
222000210
In base 8, what is -2000 - 42321?
-44321
In base 10, what is -187276601 + 2?
-187276599
In base 14, what is 6 + 15c0a7c?
15c0a84
In base 4, what is 1203101131 - -332?
1203102123
In base 7, what is -124241 - 1013?
-125254
In base 13, what is 112373b3 + -14?
1123739c
In base 16, what is 4 - f06d0e3?
-f06d0df
In base 4, what is -10021 - 21202132?
-21212213
In base 8, what is 142 + -15734?
-15572
In base 5, what is 240224 + 41324?
332103
In base 9, what is -14 - -7178?
7164
In base 9, what is -1 - 17036276?
-17036277
In base 11, what is a9aa232 + -7?
a9aa226
In base 10, what is -6 - -420549?
420543
In base 2, what is -11101101 - 110101010000010000?
-110101010011111101
In base 10, what is 21 + 551437?
551458
In base 16, what is 2e15c - -16?
2e172
In base 2, what is -110100110011110100 - -100001000?
-110100101111101100
In base 7, what is -5335646351 + 5?
-5335646343
In base 15, what is -1b - -23e7ad?
23e792
In base 8, what is 2735 - -445550?
450505
In base 14, what is 5 + -22d4aa82?
-22d4aa7b
In base 2, what is 11000110010011111 + -11?
11000110010011100
In base 16, what is -105 + -9879?
-997e
In base 8, what is 313545 - -11540?
325305
In base 15, what is 2 + -16e5a6b?
-16e5a69
In base 8, what is -43734 + 3527?
-40205
In base 10, what is 81 - 236047?
-235966
In base 4, what is -103310113 - 3022?
-103313201
In base 11, what is 2a170a - -14?
2a1723
In base 14, what is 102 + 66117?
66219
In base 10, what is -42952 + -227?
-43179
In base 10, what is -76164571 - -5?
-76164566
In base 3, what is 110 - -11121112121012?
11121112121122
In base 11, what is -25 + 244762a?
2447605
In base 3, what is -1200221010102120 + -22?
-1200221010102212
In base 12, what is 13b1a3 - -5b4?
13b797
In base 7, what is -65 + -3230152?
-3230250
In base 12, what is 21 - 9b65b?
-9b63a
In base 6, what is -5111 + -45034?
-54145
In base 5, what is 3 + -23443013?
-23443010
In base 11, what is -4 + 4700126?
4700122
In base 5, what is 32223 + -21432103?
-21344330
In base 5, what is 32 + -1242023134?
-1242023102
In base 14, what is c + b46759?
b46767
In base 4, what is 201323133 + -2003123?
133320010
In base 3, what is 212010121 + 222110?
220010001
In base 13, what is -75 - -245c24?
245b7c
In base 3, what is 2201012000111 + -120?
2201011222221
In base 11, what is 6311899 + -63?
6311836
In base 12, what is 151 - 287b1?
-28660
In base 7, what is 332332 - -24441?
360103
In base 9, what is -1636156 + -37?
-1636204
In base 6, what is -245 - 54322203?
-54322452
In base 10, what is -27343 + 742?
-26601
In base 8, what is -15 - -11356045?
11356030
In base 14, what is -16bd + -3cc?
-1aab
In base 4, what is 102012 - 32001?
10011
In base 10, what is 6697474 + 9?
6697483
In base 5, what is 10 - 33321113?
-33321103
In base 5, what is -14003430444 + 113?
-14003430331
In base 2, what is -11011 + -10001000111101011010?
-10001000111101110101
In base 6, what is 44053434151 - -5?
44053434200
In base 11, what is -4 - -13a6238?
13a6234
In base 10, what is -4542801 + -5?
-4542806
In base 6, what is 25101 - -112314?
141415
In base 5, what is 442332 + -2023?
440304
In base 16, what is -3 - 180542?
-180545
In base 7, what is -30152 - -156051?
125566
In base 13, what is -1696 - 1363?
-2a29
In base 7, what is -13 + -254244610?
-254244623
In base 16, what is 207cbf - 16?
207ca9
In base 13, what is 1 - 890777?
-890776
In base 2, what is -111011100 - 100011111010100?
-100100110110000
In base 7, what is -4 + 3515332?
3515325
In base 12, what is -13b - 90942?
-90a81
In base 6, what is -30512 + 41400?
10444
In base 6, what is 315 + -10004300?
-10003541
In base 11, what is -1286991 - 171?
-1287052
In base 16, what is 10911 + 1f4a?
1285b
In base 8, what is -4050352 - -156?
-4050174
In base 16, what is -3aba4 + 15?
-3ab8f
In base 3, what is -22021220012220 - 2?
-22021220012222
In base 8, what is 0 - -5464320?
5464320
In base 4, what is 12132211300 - 20?
12132211220
In base 14, what is 4b42c + cca?
4c318
In base 12, what is -2b660 - -658?
-2b004
In base 9, what is 15310612 + 23?
15310635
In base 15, what is -5 - -86808?
86803
In base 2, what is 10000011111101010001111101010 - -100?
10000011111101010001111101110
In base 13, what is 1cc36c28 - 0?
1cc36c28
In base 13, what is -2 - -568143?
568141
In base 2, what is -1 - 1000110000101010111110010101?
-1000110000101010111110010110
In base 3, what is 12 + 20210220012112?
20210220012201
In base 5, what is 10 + -232404301?
-232404241
In base 6, what is 33321354 - 144?
33321210
In base 3, what is 10111 + -2222011000202?
-2222010220021
In base 3, what is 2012002 + -12121112001?
-12112022222
In base 15, what is -97bda7a - -3?
-97bda77
In base 16, what is bf2e + -1c5?
bd69
In base 2, what is 10010000000100 - 11100111000?
1110011001100
In base 10, what is 104 - -45761?
45865
In base 6, what is -54030542 - -5?
-54030533
In base 16, what is e42 + 4538?
537a
In base 10, what is 5 - -17421017?
17421022
In base 12, what is 8 + -78b7b7?
-78b7ab
In base 12, what is -419 - 1437a0?
-143bb9
In base 5, what is -1320041 - 323?
-1320414
In base 11, what is -90 + 2746993?
2746903
In base 15, what is -148 - -1982?
1839
In base 16, what is 8 - 4e37d?
-4e375
In base 15, what is 2 + -39ec06?
-39ec04
In base 9, what is -27481 + 12815?
-14565
In base 12, what is 6a31b627 - 3?
6a31b624
In base 12, what is 2959 + -525?
2434
In base 8, what is -304705 - -1730?
-302755
In base 13, what is 2 + -131a287?
-131a285
In base 13, what is 119 + 13838?
13954
In base 2, what is -10000011000101000010111110 + 11?
-10000011000101000010111011
In base 5, what is 2121 + 2341344?
2344020
In base 12, what is 81 + -5289614?
-5289553
In base 4, what is -21122010211233 + 11?
-21122010211222
In base 4, what is -132121020 + -13011?
-132200031
In base 15, what is 1 + -2cd8?
-2cd7
In base 7, what is 4312 + 40211?
44523
In base 16, what is -3be868 - 0?
-3be868
In base 13, what is 0 + 2182b88b?
2182b88b
In base 12, what is -1128 - -2126?
bba
In base 4, what is -1222002 + -21021?
-1303023
In base 12, what is 7598 + 1823?
91bb
In base 15, what is -34b5 - -3335?
-180
In base 13, what is -4139a6b + -1?
-4139a6c
In base 6, what is -124024 + 11231?
-112353
In base 9, what is -100753 + -343?
-101206
In base 4, what is 111121212 + -10322?
111110230
In base 11, what is 7935620 - 24?
79355a7
In base 2, what is